
48
Suppose -245*m + 233*m = -240. Calculate the remainder when 1939 is divided by m.
19
Let d be (-580)/6 - (-4)/(-12). Let r = d - -156. Let z(q) = q**3 + 6*q**2 - 9*q + 1. What is the remainder when r is divided by z(-7)?
14
Let o be 22 - (-4 - (-2 + 0)). Let q = o + 0. Suppose -z - v + 18 = 0, -6*z + 3*z + 59 = 4*v. Calculate the remainder when q is divided by z.
11
Let u = 9 - 9. Suppose u = -3*j + 2*j + 1. Calculate the remainder when ((-30)/(-4))/(j/2) is divided by 9.
6
Suppose f + 3 = 0, -2*t + 3*f = 7*f - 2. What is the remainder when 222 is divided by t?
5
Suppose 2*j - 3*f - 18 = 0, 3*j - 8*f = -12*f + 27. What is the remainder when (-2 + 0)*(-25)/2 is divided by j?
7
Suppose -3*w + w = 2*r - 10, 3*r - 3*w - 33 = 0. What is the remainder when 41 is divided by (-5)/((-75)/245) + r/(-6)?
11
Let r(i) = -i**3 + 11*i**2 + 14*i - 8. Let a = 0 - -12. Suppose -2*b = -0*b - 12. Calculate the remainder when r(a) is divided by b.
4
Suppose -8*b = 21*b - 783. Calculate the remainder when 58 is divided by b.
4
Let i(l) be the first derivative of 13*l - 10 - 1/2*l**2. Calculate the remainder when i(-10) is divided by 8.
7
Suppose 0 = 2*r + 2*u - 6, 3*u = -3*r + 5*r - 26. Suppose f - r = -4. What is the remainder when 5 is divided by f?
2
Calculate the remainder when (-5 - (-64)/12)/(1/1263) is divided by 47.
45
Let v(l) = -l - 11. Let g be v(-7). Let a(c) = 4*c**2 + 8*c + 6. Let t be a(g). Let j = -20 + t. What is the remainder when j is divided by 5?
3
Let a(v) = v + 42. Calculate the remainder when 60 is divided by a(-11).
29
Suppose -16*z - 2 = -17*z. Suppose 0 = z*c - 4*c + 250. Suppose -b + c = 4*b. Calculate the remainder when 49 is divided by b.
24
Let i = 131 - 57. What is the remainder when 148 is divided by -2*i/(-8) - (-2)/4?
15
Let z(l) = l**2 + 31*l - 59. What is the remainder when z(-33) is divided by (2/(-3))/((-1)/6)?
3
What is the remainder when 346 is divided by (48*1)/(-4)*(-3)/3?
10
Let g = -310 - -347. Calculate the remainder when 81 is divided by g.
7
Suppose 407*h - 115 = 402*h. Calculate the remainder when 178 is divided by h.
17
Suppose 3*o = 9*o - 24. Suppose -3*n + 6 = -9, o*n - 40 = -2*h. What is the remainder when 108 is divided by h?
8
Suppose 3*i + v = 15, 4*i + 7*v = 2*v + 20. Suppose 0*k - k - 5*u = -43, -4*k - i*u = -202. Calculate the remainder when k is divided by 27.
26
Suppose -7*g + 262 + 165 = 0. Calculate the remainder when g is divided by 21.
19
Suppose -2*x + 12 - 2 = 0. Suppose -13*k + 144 = -4*k. Calculate the remainder when k is divided by x.
1
Calculate the remainder when 86 is divided by (-8)/14 - (-2 - (-570)/(-42)).
11
Let w(x) = x**2 + x - 8. Let l be w(-4). Suppose -l*h = -3*h - 1940. What is the remainder when (-2)/(-13) + h/65 is divided by 8?
6
Let f = -13 + 25. Suppose 0*a + a = f. Calculate the remainder when 35 is divided by a.
11
Let b = 199 - 71. Let i = 29 - -15. Calculate the remainder when b is divided by i.
40
Let a = -54 + 77. Suppose -5*r - k + a = k, 5*k - 20 = 0. Calculate the remainder when 4 is divided by r.
1
Let k be -1*(0 - 3/(-3)). What is the remainder when 109 is divided by 1 + k - (4 - 41)?
35
Let d(v) = 5*v + 10. Let r(q) = -6*q - 9. Let m = 35 + -30. Let n(u) = m*d(u) + 4*r(u). What is the remainder when 54 is divided by n(5)?
16
Let a(r) = -9*r - 14. Let p be a(-10). Let v = 0 + p. What is the remainder when v is divided by 26?
24
Let h(d) be the first derivative of d**2 + 44*d + 2. What is the remainder when (2/4)/(1/14) is divided by h(-20)?
3
Let n(l) = -l - 7. Let w be n(-2). Let q = 12 - w. Calculate the remainder when 50 is divided by q.
16
Suppose 4*q + n - 277 = 6*n, -4*n = -4*q + 276. What is the remainder when 271 is divided by q?
67
Let n(x) = -15*x. Let z be n(-2). Let v = 71 + -51. Let q = z - v. What is the remainder when 29 is divided by q?
9
Suppose 49*j = 6*j + 1505. Calculate the remainder when 200 is divided by j.
25
Let y(r) = -r**2 - r + 71. Calculate the remainder when 346 is divided by y(6).
27
Suppose 2*x = -h + 25, -4*x - h = x - 67. Let r = -4 - -5. Calculate the remainder when x is divided by (-1 - r)/(3/(-12)).
6
Let f(j) = 85*j**2 + 10*j - 12. What is the remainder when f(1) is divided by 17?
15
Let q = 138 + -132. Suppose 0 = 15*b - 321 + q. Calculate the remainder when 61 is divided by b.
19
Let d be -1 + (-4 + 3)*4. Let s be d*(-4)/(-40)*-4. Suppose -s*g - v + 14 + 9 = 0, -10 = 2*v. Calculate the remainder when 53 is divided by g.
11
Let k be 4/18 + 18798/(-27). What is the remainder when k/(-10) + 4/10 is divided by (50/(-15) + 3)/((-14)/1008)?
22
Let c(u) = u - 13. Let h be c(-11). Let k = 29 - h. What is the remainder when k is divided by 19?
15
Let i = 6 - -8. Let m = -9 + i. Calculate the remainder when 12 is divided by m.
2
Let v(q) = -q**3 + 16*q**2 - 7*q + 4. What is the remainder when v(15) is divided by 19?
10
Let h be (12/(-8))/((-6)/(-32)). Let d(v) = -v**2 - 8*v + 4. Calculate the remainder when -5*(-2)/20*22 is divided by d(h).
3
Calculate the remainder when 233 is divided by ((-75)/4)/(30/(-80)).
33
Let b(u) = 16*u + 7. Let k be b(-4). Let a = 97 + k. What is the remainder when a is divided by 14?
12
Suppose -3*y - o = o - 61, y + 2*o = 27. Suppose -4*b - 17 = 7. Calculate the remainder when y is divided by (-104)/(-12) + (-2)/b.
8
Calculate the remainder when (-45)/18*(-174)/5 is divided by 11.
10
Suppose 0 = 10*a - 25*a + 75. What is the remainder when a is divided by 5?
0
Let v be (0 - 0)/(18/18). Suppose 90 = 5*y + 5*z, -z + v - 21 = -2*y. Calculate the remainder when 48 is divided by y.
9
Let k = -810 - -825. Suppose -220 = -2*b - 3*b. What is the remainder when b is divided by k?
14
Suppose -5*p - 31 = -j, -5*j + 2*j + 3*p = -33. Suppose j*w - 60 - 54 = 0. What is the remainder when 91 is divided by w?
15
Let s(a) = -5*a + 14. Suppose 2*t + 168 = -12*t. What is the remainder when s(t) is divided by 11?
8
Let o(n) = -4*n + 54. Calculate the remainder when 166 is divided by o(11).
6
Let f be (34 - 33) + (12 - 2/(-2)). Suppose f*z - 6 = 12*z. What is the remainder when 3 is divided by z?
0
Calculate the remainder when 76 is divided by 94/8 + 261/(-348).
10
Suppose z - 2*x - x + 5 = 0, z - 27 = -5*x. What is the remainder when z is divided by 5?
2
Let z = -365 - -723. Calculate the remainder when z is divided by 91.
85
Suppose 118*x - 248 = 110*x. Let b(u) = 8*u**2 + u. What is the remainder when x is divided by b(1)?
4
Let w be 3/9*-3 + 9. What is the remainder when 2 is divided by (9/(-6))/((-6)/w)?
0
Let h(l) = 2*l**3 + 9*l**2 - 7*l - 7. Let u be h(-5). Calculate the remainder when 59 is divided by (u + 145/(-15))*(-6)/4.
9
Calculate the remainder when (6430/(-8))/(95/(-152)) is divided by 28.
26
Let t be -1*(-4)/((-8)/(-2))*-22. Calculate the remainder when (t/(-55))/(2/120) is divided by 5.
4
Suppose -4*x + 3*q = -27, -2*x - 2*x - q + 7 = 0. Let t(l) = 3*l. Calculate the remainder when (143/22 + -10)/(4/(-40)) is divided by t(x).
8
Suppose 5 = 5*o + n - 32, -2*n = -o + 3. Let h(v) = -73*v + 2. Let d be h(2). Let f = -132 - d. What is the remainder when f is divided by o?
5
Suppose 0 = 10*y - 8*y + 4*m - 140, -2*y - m = -125. What is the remainder when 418 is divided by y?
58
Suppose -8*s + 3*s = -35. Suppose -s*f = -9*f + 46. Suppose -32 = -5*p + 33. What is the remainder when f is divided by p?
10
Suppose -w + 71 + 31 = 5*g, 3*w - 2*g - 323 = 0. Suppose -w = -5*s - 2. Calculate the remainder when 80 is divided by s.
17
Let l(p) = -p**2 + 5*p + 7. Let d(i) = 3*i**2 - 10*i - 13. Let s(n) = 2*d(n) + 5*l(n). Calculate the remainder when s(-6) is divided by 5.
0
Let f = 487 + -124. Let o = f + -249. Suppose 4*c - 3*s = 224, -394 = -5*c + s - o. Calculate the remainder when c is divided by 19.
18
Let i(b) = 23 + b + 3*b - 3*b. Calculate the remainder when 11 is divided by i(-20).
2
Suppose 17*s = -j + 18*s + 470, 2*j - 4*s - 946 = 0. What is the remainder when j is divided by 26?
25
Let p = 39 - -10. Calculate the remainder when p is divided by 9.
4
Let n(y) = y**2 + 4*y - 2. Let t(j) = j + 4. Let p be t(-8). Let h be n(p). What is the remainder when 14 is divided by (-1)/h + 21/6?
2
Suppose -18*g + 13*g + 85 = 0. What is the remainder when 79 is divided by g?
11
Suppose 4*r - 6 = r + 5*b, -2*r = -4*b - 4. Suppose